{"id":544,"date":"2025-03-16T17:00:14","date_gmt":"2025-03-16T17:00:14","guid":{"rendered":"https:\/\/landseer-nothilfe.de\/?page_id=544"},"modified":"2025-11-28T09:25:28","modified_gmt":"2025-11-28T09:25:28","slug":"impressum","status":"publish","type":"page","link":"https:\/\/landseer-nothilfe.de\/index.php\/impressum\/","title":{"rendered":"Impressum"},"content":{"rendered":"\n<div style=\"height:50px\" aria-hidden=\"true\" class=\"wp-block-spacer\"><\/div>\n\n\n\n<h4 class=\"wp-block-heading\">Angaben gem\u00e4\u00df \u00a7 5 DDG<br><\/h4>\n\n\n\n<h5 class=\"wp-block-heading\">Landseer Nothilfe e. V.<\/h5>\n\n\n\n<p>vertreten durch<\/p>\n\n\n\n<h5 class=\"wp-block-heading\">Werner Graff Eussen (Vorsitzender)<\/h5>\n\n\n\n<p>Bergstra\u00dfe 41 A<br>52538 Selfkant<\/p>\n\n\n\n<p>Telefon:&nbsp;<br>E-Mail:&nbsp;<a href=\"mailto:vorstand@landseer-nothilfe.de\">vorstand@landseer-nothilfe.de<\/a><\/p>\n\n\n\n<div style=\"height:25px\" aria-hidden=\"true\" class=\"wp-block-spacer\"><\/div>\n\n\n\n<h4 class=\"wp-block-heading\">Gesch\u00e4ftsstelle<\/h4>\n\n\n\n<h5 class=\"wp-block-heading\">Conny Wiebe<\/h5>\n\n\n\n<p>Agnetendorfer Stra\u00dfe 55 <br>53119 Bonn<\/p>\n\n\n\n<p>Telefon:&nbsp;<a href=\"tel:+4922824001100\">+49 (0) 228 2400 11 00<\/a><br>Mobil:&nbsp;<a href=\"http:\/\/+491795918512\/\">+49 (0) 179 591 85 12<\/a><br><a href=\"mailto:geschaeftsstelle@landseer-nothilfe.de\">geschaeftsstelle@landseer-nothilfe.de<\/a><\/p>\n\n\n\n<div style=\"height:25px\" aria-hidden=\"true\" class=\"wp-block-spacer\"><\/div>\n\n\n\n<h4 class=\"wp-block-heading\">Schatzmeister<\/h4>\n\n\n\n<h5 class=\"wp-block-heading\">Rainer Wiebe<\/h5>\n\n\n\n<p><a href=\"mailto:schatzmeister@landseer-nothilfe.de\">schatzmeister@landseer-nothilfe.de<\/a><\/p>\n\n\n\n<div style=\"height:25px\" aria-hidden=\"true\" class=\"wp-block-spacer\"><\/div>\n\n\n\n<h4 class=\"wp-block-heading\">Registereintrag<\/h4>\n\n\n\n<p>Eintragung im Vereinsregister: Amtsgericht Bonn<br>Registernummer: VR 12579<\/p>\n\n\n\n<div style=\"height:25px\" aria-hidden=\"true\" class=\"wp-block-spacer\"><\/div>\n\n\n\n<h4 class=\"wp-block-heading\">Verantwortlich f\u00fcr den Inhalt nach \u00a7 55 Abs. 2 RStV:<\/h4>\n\n\n\n<h6 class=\"wp-block-heading\">Vorsitzender<\/h6>\n\n\n\n<h5 class=\"wp-block-heading\">Werner Graff Eussen<br><\/h5>\n\n\n\n<p>Bergstra\u00dfe 41 A<br>52538 Selfkant<\/p>\n\n\n\n<div style=\"height:25px\" aria-hidden=\"true\" class=\"wp-block-spacer\"><\/div>\n\n\n\n<h4 class=\"wp-block-heading\">Online-Streitschlichtung<\/h4>\n\n\n\n<p>\u201eDie EU-Kommission hat eine Internetplattform zur Online-Beilegung von Streitigkeiten (\u201eOS-Plattform\u201c) zwischen Unternehmern und Verbrauchern eingerichtet. Die OS-Plattform ist erreichbar unter&nbsp;<a href=\"https:\/\/ec.europa.eu\/consumers\/odr\/\" target=\"_blank\" rel=\"noreferrer noopener\">https:\/\/ec.europa.eu\/consumers\/odr\/<\/a>.\u201c<\/p>\n\n\n\n<p>Wir sind nicht bereit oder verpflichtet, an Streitbeilegungsverfahren vor einer Verbraucherschlichtungsstelle teilzunehmen.<\/p>\n\n\n\n<p>Beschwerden sind an die Gesch\u00e4ftsstelle der Landseer Nothilfe e.V., Agnetendorfer Stra\u00dfe 55, 53119 Bonn zu richten.<\/p>\n\n\n\n<div style=\"height:50px\" aria-hidden=\"true\" class=\"wp-block-spacer\"><\/div>\n\n\n\n<hr class=\"wp-block-separator has-text-color has-custom-blau-color has-alpha-channel-opacity has-custom-blau-background-color has-background\"\/>\n\n\n\n<h2 class=\"wp-block-heading\">Haftungsausschluss (Disclaimer)<\/h2>\n\n\n\n<h4 class=\"wp-block-heading\">Haftung f\u00fcr Inhalte<\/h4>\n\n\n\n<p>Die Inhalte unserer Seiten wurden mit gr\u00f6\u00dfter Sorgfalt erstellt. F\u00fcr die Richtigkeit, Vollst\u00e4ndigkeit und Aktualit\u00e4t der Inhalte k\u00f6nnen wir jedoch keine Gew\u00e4hr \u00fcbernehmen. Als Diensteanbieter sind wir gem\u00e4\u00df \u00a7 7 Abs.1 DDG f\u00fcr eigene Inhalte auf diesen Seiten nach den allgemeinen Gesetzen verantwortlich. Nach \u00a7\u00a7 8 bis 10 DDG sind wir als Diensteanbieter jedoch nicht verpflichtet, \u00fcbermittelte oder gespeicherte fremde Informationen zu \u00fcberwachen oder nach Umst\u00e4nden zu forschen, die auf eine rechtswidrige T\u00e4tigkeit hinweisen. Verpflichtungen zur Entfernung oder Sperrung der Nutzung von Informationen nach den allgemeinen Gesetzen bleiben hiervon unber\u00fchrt. Eine diesbez\u00fcgliche Haftung ist jedoch erst ab dem Zeitpunkt der Kenntnis einer konkreten Rechtsverletzung m\u00f6glich. Bei Bekanntwerden von entsprechenden Rechtsverletzungen werden wir diese Inhalte umgehend entfernen.<br><\/p>\n\n\n\n<h4 class=\"wp-block-heading\"><strong>Haftung f\u00fcr Links<\/strong><\/h4>\n\n\n\n<p>Unser Angebot enth\u00e4lt Links zu externen Webseiten Dritter, auf deren Inhalte wir keinen Einfluss haben. Deshalb k\u00f6nnen wir f\u00fcr diese fremden Inhalte auch keine Gew\u00e4hr \u00fcbernehmen. F\u00fcr die Inhalte der verlinkten Seiten ist stets der jeweilige Anbieter oder Betreiber der Seiten verantwortlich. Die verlinkten Seiten wurden zum Zeitpunkt der Verlinkung auf m\u00f6gliche Rechtsverst\u00f6\u00dfe \u00fcberpr\u00fcft. Rechtswidrige Inhalte waren zum Zeitpunkt der Verlinkung nicht erkennbar. Eine permanente inhaltliche Kontrolle der verlinkten Seiten ist jedoch ohne konkrete Anhaltspunkte einer Rechtsverletzung nicht zumutbar. Bei Bekanntwerden von Rechtsverletzungen werden wir derartige Links umgehend entfernen.<br><\/p>\n\n\n\n<h4 class=\"wp-block-heading\">Urheberrecht<\/h4>\n\n\n\n<p>Die durch die Seitenbetreiber erstellten Inhalte und Werke auf diesen Seiten unterliegen dem deutschen Urheberrecht. Die Vervielf\u00e4ltigung, Bearbeitung, Verbreitung und jede Art der Verwertung au\u00dferhalb der Grenzen des Urheberrechtes bed\u00fcrfen der schriftlichen Zustimmung des jeweiligen Autors bzw. Erstellers. Downloads und Kopien dieser Seite sind nur f\u00fcr den privaten, nicht kommerziellen Gebrauch gestattet. Soweit die Inhalte auf dieser Seite nicht vom Betreiber erstellt wurden, werden die Urheberrechte Dritter beachtet. Insbesondere werden Inhalte Dritter als solche gekennzeichnet. Sollten Sie trotzdem auf eine Urheberrechtsverletzung aufmerksam werden, bitten wir um einen entsprechenden Hinweis. Bei Bekanntwerden von Rechtsverletzungen werden wir derartige Inhalte umgehend entfernen.<\/p>\n\n\n\n<h4 class=\"wp-block-heading\">Datenschutz<\/h4>\n\n\n\n<p>Die Nutzung unserer Webseite ist in der Regel ohne Angabe personenbezogener Daten m\u00f6glich. Soweit auf unseren Seiten personenbezogene Daten (beispielsweise Name, Anschrift oder eMail-Adressen) erhoben werden, erfolgt dies, soweit m\u00f6glich, stets auf freiwilliger Basis. Diese Daten werden ohne Ihre ausdr\u00fcckliche Zustimmung nicht an Dritte weitergegeben.<\/p>\n\n\n\n<p>Wir weisen darauf hin, dass die Daten\u00fcbertragung im Internet (z.B. bei der Kommunikation per E-Mail) Sicherheitsl\u00fccken aufweisen kann. Ein l\u00fcckenloser Schutz der Daten vor dem Zugriff durch Dritte ist nicht m\u00f6glich.<\/p>\n\n\n\n<p>Der Nutzung von im Rahmen der Impressumspflicht ver\u00f6ffentlichten Kontaktdaten durch Dritte zur \u00dcbersendung von nicht ausdr\u00fccklich angeforderter Werbung und Informationsmaterialien wird hiermit ausdr\u00fccklich widersprochen. Die Betreiber der Seiten behalten sich ausdr\u00fccklich rechtliche Schritte im Falle der unverlangten Zusendung von Werbeinformationen, etwa durch Spam-Mails, vor.<\/p>\n\n\n\n<div style=\"height:50px\" aria-hidden=\"true\" class=\"wp-block-spacer\"><\/div>\n\n\n\n<hr class=\"wp-block-separator has-text-color has-custom-blau-color has-alpha-channel-opacity has-custom-blau-background-color has-background\"\/>\n\n\n\n<h3 class=\"wp-block-heading\">Bei Fragen und Hinweisen wenden Sie sich bitte an unseren Webmaster<\/h3>\n\n\n\n<h6 class=\"wp-block-heading\">Thomas Schmitz, fxcommunication<\/h6>\n\n\n\n<p class=\"has-link-color wp-elements-81715fe1314ef11ef7c8c7f013f13774\">Am Steintor 50<br>48167 M\u00fcnster<br>Deutschland<br><br>E-Mail: <a href=\"mailto:info@fxcommunication.com\">info@fxcommunication.com<\/a><\/p>\n\n\n\n<div style=\"height:100px\" aria-hidden=\"true\" class=\"wp-block-spacer\"><\/div>\n","protected":false},"excerpt":{"rendered":"<p>Angaben gem\u00e4\u00df \u00a7 5 DDG Landseer Nothilfe e. V. vertreten durch Werner Graff Eussen (Vorsitzender) Bergstra\u00dfe 41 A52538 Selfkant Telefon:&nbsp;E-Mail:&nbsp;vorstand@landseer-nothilfe.de Gesch\u00e4ftsstelle Conny Wiebe Agnetendorfer Stra\u00dfe 55 53119 Bonn Telefon:&nbsp;+49 (0) 228 2400 11 00Mobil:&nbsp;+49 (0) 179 591 85 12geschaeftsstelle@landseer-nothilfe.de Schatzmeister Rainer Wiebe schatzmeister@landseer-nothilfe.de Registereintrag Eintragung im Vereinsregister: Amtsgericht BonnRegisternummer: VR 12579 Verantwortlich f\u00fcr den Inhalt [&hellip;]<\/p>\n","protected":false},"author":1,"featured_media":0,"parent":0,"menu_order":0,"comment_status":"closed","ping_status":"closed","template":"","meta":{"footnotes":""},"class_list":["post-544","page","type-page","status-publish","hentry"],"_links":{"self":[{"href":"https:\/\/landseer-nothilfe.de\/index.php\/wp-json\/wp\/v2\/pages\/544","targetHints":{"allow":["GET"]}}],"collection":[{"href":"https:\/\/landseer-nothilfe.de\/index.php\/wp-json\/wp\/v2\/pages"}],"about":[{"href":"https:\/\/landseer-nothilfe.de\/index.php\/wp-json\/wp\/v2\/types\/page"}],"author":[{"embeddable":true,"href":"https:\/\/landseer-nothilfe.de\/index.php\/wp-json\/wp\/v2\/users\/1"}],"replies":[{"embeddable":true,"href":"https:\/\/landseer-nothilfe.de\/index.php\/wp-json\/wp\/v2\/comments?post=544"}],"version-history":[{"count":15,"href":"https:\/\/landseer-nothilfe.de\/index.php\/wp-json\/wp\/v2\/pages\/544\/revisions"}],"predecessor-version":[{"id":1536,"href":"https:\/\/landseer-nothilfe.de\/index.php\/wp-json\/wp\/v2\/pages\/544\/revisions\/1536"}],"wp:attachment":[{"href":"https:\/\/landseer-nothilfe.de\/index.php\/wp-json\/wp\/v2\/media?parent=544"}],"curies":[{"name":"wp","href":"https:\/\/api.w.org\/{rel}","templated":true}]}}

<div style="height:50px" aria-hidden="true" class="wp-block-spacer"></div>



<h4 class="wp-block-heading">Angaben gemäß § 5 DDG<br></h4>



<h5 class="wp-block-heading">Landseer Nothilfe e. V.</h5>



<p>vertreten durch</p>



<h5 class="wp-block-heading">Werner Graff Eussen (Vorsitzender)</h5>



<p>Bergstraße 41 A<br>52538 Selfkant</p>



<p>Telefon:&nbsp;<br>E-Mail:&nbsp;<a href="mailto:vorstand@landseer-nothilfe.de">vorstand@landseer-nothilfe.de</a></p>



<div style="height:25px" aria-hidden="true" class="wp-block-spacer"></div>



<h4 class="wp-block-heading">Geschäftsstelle</h4>



<h5 class="wp-block-heading">Conny Wiebe</h5>



<p>Agnetendorfer Straße 55 <br>53119 Bonn</p>



<p>Telefon:&nbsp;<a href="tel:+4922824001100">+49 (0) 228 2400 11 00</a><br>Mobil:&nbsp;<a href="http://+491795918512/">+49 (0) 179 591 85 12</a><br><a href="mailto:geschaeftsstelle@landseer-nothilfe.de">geschaeftsstelle@landseer-nothilfe.de</a></p>



<div style="height:25px" aria-hidden="true" class="wp-block-spacer"></div>



<h4 class="wp-block-heading">Schatzmeister</h4>



<h5 class="wp-block-heading">Rainer Wiebe</h5>



<p><a href="mailto:schatzmeister@landseer-nothilfe.de">schatzmeister@landseer-nothilfe.de</a></p>



<div style="height:25px" aria-hidden="true" class="wp-block-spacer"></div>



<h4 class="wp-block-heading">Registereintrag</h4>



<p>Eintragung im Vereinsregister: Amtsgericht Bonn<br>Registernummer: VR 12579</p>



<div style="height:25px" aria-hidden="true" class="wp-block-spacer"></div>



<h4 class="wp-block-heading">Verantwortlich für den Inhalt nach § 55 Abs. 2 RStV:</h4>



<h6 class="wp-block-heading">Vorsitzender</h6>



<h5 class="wp-block-heading">Werner Graff Eussen<br></h5>



<p>Bergstraße 41 A<br>52538 Selfkant</p>



<div style="height:25px" aria-hidden="true" class="wp-block-spacer"></div>



<h4 class="wp-block-heading">Online-Streitschlichtung</h4>



<p>„Die EU-Kommission hat eine Internetplattform zur Online-Beilegung von Streitigkeiten („OS-Plattform“) zwischen Unternehmern und Verbrauchern eingerichtet. Die OS-Plattform ist erreichbar unter&nbsp;<a href="https://ec.europa.eu/consumers/odr/" target="_blank" rel="noreferrer noopener">https://ec.europa.eu/consumers/odr/</a>.“</p>



<p>Wir sind nicht bereit oder verpflichtet, an Streitbeilegungsverfahren vor einer Verbraucherschlichtungsstelle teilzunehmen.</p>



<p>Beschwerden sind an die Geschäftsstelle der Landseer Nothilfe e.V., Agnetendorfer Straße 55, 53119 Bonn zu richten.</p>



<div style="height:50px" aria-hidden="true" class="wp-block-spacer"></div>



<hr class="wp-block-separator has-text-color has-custom-blau-color has-alpha-channel-opacity has-custom-blau-background-color has-background"/>



<h2 class="wp-block-heading">Haftungsausschluss (Disclaimer)</h2>



<h4 class="wp-block-heading">Haftung für Inhalte</h4>



<p>Die Inhalte unserer Seiten wurden mit größter Sorgfalt erstellt. Für die Richtigkeit, Vollständigkeit und Aktualität der Inhalte können wir jedoch keine Gewähr übernehmen. Als Diensteanbieter sind wir gemäß § 7 Abs.1 DDG für eigene Inhalte auf diesen Seiten nach den allgemeinen Gesetzen verantwortlich. Nach §§ 8 bis 10 DDG sind wir als Diensteanbieter jedoch nicht verpflichtet, übermittelte oder gespeicherte fremde Informationen zu überwachen oder nach Umständen zu forschen, die auf eine rechtswidrige Tätigkeit hinweisen. Verpflichtungen zur Entfernung oder Sperrung der Nutzung von Informationen nach den allgemeinen Gesetzen bleiben hiervon unberührt. Eine diesbezügliche Haftung ist jedoch erst ab dem Zeitpunkt der Kenntnis einer konkreten Rechtsverletzung möglich. Bei Bekanntwerden von entsprechenden Rechtsverletzungen werden wir diese Inhalte umgehend entfernen.<br></p>



<h4 class="wp-block-heading"><strong>Haftung für Links</strong></h4>



<p>Unser Angebot enthält Links zu externen Webseiten Dritter, auf deren Inhalte wir keinen Einfluss haben. Deshalb können wir für diese fremden Inhalte auch keine Gewähr übernehmen. Für die Inhalte der verlinkten Seiten ist stets der jeweilige Anbieter oder Betreiber der Seiten verantwortlich. Die verlinkten Seiten wurden zum Zeitpunkt der Verlinkung auf mögliche Rechtsverstöße überprüft. Rechtswidrige Inhalte waren zum Zeitpunkt der Verlinkung nicht erkennbar. Eine permanente inhaltliche Kontrolle der verlinkten Seiten ist jedoch ohne konkrete Anhaltspunkte einer Rechtsverletzung nicht zumutbar. Bei Bekanntwerden von Rechtsverletzungen werden wir derartige Links umgehend entfernen.<br></p>



<h4 class="wp-block-heading">Urheberrecht</h4>



<p>Die durch die Seitenbetreiber erstellten Inhalte und Werke auf diesen Seiten unterliegen dem deutschen Urheberrecht. Die Vervielfältigung, Bearbeitung, Verbreitung und jede Art der Verwertung außerhalb der Grenzen des Urheberrechtes bedürfen der schriftlichen Zustimmung des jeweiligen Autors bzw. Erstellers. Downloads und Kopien dieser Seite sind nur für den privaten, nicht kommerziellen Gebrauch gestattet. Soweit die Inhalte auf dieser Seite nicht vom Betreiber erstellt wurden, werden die Urheberrechte Dritter beachtet. Insbesondere werden Inhalte Dritter als solche gekennzeichnet. Sollten Sie trotzdem auf eine Urheberrechtsverletzung aufmerksam werden, bitten wir um einen entsprechenden Hinweis. Bei Bekanntwerden von Rechtsverletzungen werden wir derartige Inhalte umgehend entfernen.</p>



<h4 class="wp-block-heading">Datenschutz</h4>



<p>Die Nutzung unserer Webseite ist in der Regel ohne Angabe personenbezogener Daten möglich. Soweit auf unseren Seiten personenbezogene Daten (beispielsweise Name, Anschrift oder eMail-Adressen) erhoben werden, erfolgt dies, soweit möglich, stets auf freiwilliger Basis. Diese Daten werden ohne Ihre ausdrückliche Zustimmung nicht an Dritte weitergegeben.</p>



<p>Wir weisen darauf hin, dass die Datenübertragung im Internet (z.B. bei der Kommunikation per E-Mail) Sicherheitslücken aufweisen kann. Ein lückenloser Schutz der Daten vor dem Zugriff durch Dritte ist nicht möglich.</p>



<p>Der Nutzung von im Rahmen der Impressumspflicht veröffentlichten Kontaktdaten durch Dritte zur Übersendung von nicht ausdrücklich angeforderter Werbung und Informationsmaterialien wird hiermit ausdrücklich widersprochen. Die Betreiber der Seiten behalten sich ausdrücklich rechtliche Schritte im Falle der unverlangten Zusendung von Werbeinformationen, etwa durch Spam-Mails, vor.</p>



<div style="height:50px" aria-hidden="true" class="wp-block-spacer"></div>



<hr class="wp-block-separator has-text-color has-custom-blau-color has-alpha-channel-opacity has-custom-blau-background-color has-background"/>



<h3 class="wp-block-heading">Bei Fragen und Hinweisen wenden Sie sich bitte an unseren Webmaster</h3>



<h6 class="wp-block-heading">Thomas Schmitz, fxcommunication</h6>



<p class="has-link-color wp-elements-81715fe1314ef11ef7c8c7f013f13774">Am Steintor 50<br>48167 Münster<br>Deutschland<br><br>E-Mail: <a href="mailto:info@fxcommunication.com">info@fxcommunication.com</a></p>



<div style="height:100px" aria-hidden="true" class="wp-block-spacer"></div>

<p>Angaben gemäß § 5 DDG Landseer Nothilfe e. V. vertreten durch Werner Graff Eussen (Vorsitzender) Bergstraße 41 A52538 Selfkant Telefon:&nbsp;E-Mail:&nbsp;vorstand@landseer-nothilfe.de Geschäftsstelle Conny Wiebe Agnetendorfer Straße 55 53119 Bonn Telefon:&nbsp;+49 (0) 228 2400 11 00Mobil:&nbsp;+49 (0) 179 591 85 12geschaeftsstelle@landseer-nothilfe.de Schatzmeister Rainer Wiebe schatzmeister@landseer-nothilfe.de Registereintrag Eintragung im Vereinsregister: Amtsgericht BonnRegisternummer: VR 12579 Verantwortlich für den Inhalt [&hellip;]</p>
